
In base 11, what is -4 - -295?
291
In base 6, what is -34 + 234?
200
In base 4, what is -1211231 + 3?
-1211222
In base 14, what is -3 + 2ba?
2b7
In base 3, what is -2222 + -120?
-10112
In base 13, what is -9091 + 5?
-9089
In base 3, what is -1 + 1112100?
1112022
In base 10, what is -3 + -94?
-97
In base 9, what is -5 - 2073?
-2078
In base 14, what is 2 - -25?
27
In base 6, what is -123 + 140?
13
In base 14, what is -2 + 89?
87
In base 11, what is 5 + -1437?
-1432
In base 16, what is 3 - -dd?
e0
In base 5, what is 33 - 404?
-321
In base 2, what is 1010101001 + -111?
1010100010
In base 9, what is 6731 + -2?
6728
In base 7, what is 153 - 1?
152
In base 15, what is 5 - 41b?
-416
In base 8, what is 62 - -2?
64
In base 2, what is 1011100 - 0?
1011100
In base 12, what is -2abb - 2?
-2b01
In base 15, what is 7a + -1?
79
In base 2, what is -10010010 + 101?
-10001101
In base 2, what is 10111111 + -1011?
10110100
In base 10, what is 4 + 47?
51
In base 14, what is 4 + 30dc?
3102
In base 9, what is 1007 - -6?
1014
In base 13, what is -1 - 57?
-58
In base 12, what is -34 - -3?
-31
In base 8, what is -156 + 7?
-147
In base 10, what is -1 - 44?
-45
In base 8, what is -6 - 11?
-17
In base 12, what is -5b - 78?
-117
In base 6, what is 1421 + 3?
1424
In base 6, what is -1 + -5?
-10
In base 10, what is 2325 - -4?
2329
In base 11, what is 611 - -5?
616
In base 13, what is 2202 + 8?
220a
In base 2, what is -1011 - 11?
-1110
In base 10, what is -105 - 12?
-117
In base 12, what is a21 - -3?
a24
In base 6, what is -4 + -3045?
-3053
In base 10, what is 389 - -13?
402
In base 8, what is 506 + 2?
510
In base 13, what is -110 - 1?
-111
In base 2, what is 100 - -101101010011?
101101010111
In base 4, what is 32 + -22?
10
In base 8, what is -105 - 3?
-110
In base 5, what is -4 + -122131?
-122140
In base 2, what is -100 - 10100101?
-10101001
In base 5, what is -23 + 1431?
1403
In base 4, what is 100 + 1?
101
In base 7, what is 221 + 1?
222
In base 3, what is 11 + -222?
-211
In base 13, what is b7b9 - 3?
b7b6
In base 5, what is 240423 - 10?
240413
In base 11, what is 3 - -8a7?
8aa
In base 15, what is 8 - -e8?
101
In base 3, what is -201 - -120?
-11
In base 3, what is -1101 - -1222?
121
In base 7, what is -3 - -2043?
2040
In base 9, what is 438 - 7?
431
In base 13, what is -58 - 10?
-68
In base 4, what is -130 - -131?
1
In base 10, what is 4 - 7748?
-7744
In base 11, what is -3 + -188?
-190
In base 13, what is 294 + -1?
293
In base 10, what is 8 + -24?
-16
In base 6, what is 25 - -114?
143
In base 5, what is 20 + 1?
21
In base 4, what is -2000 - -12?
-1322
In base 3, what is -102 - 121?
-1000
In base 7, what is -604 + -1?
-605
In base 2, what is 10010011011 + 1?
10010011100
In base 16, what is -1 + -514?
-515
In base 6, what is 552 + -1?
551
In base 5, what is 0 + 240?
240
In base 8, what is -4 - 42?
-46
In base 6, what is 1500 - -111?
2011
In base 7, what is -4003 + -4?
-4010
In base 12, what is -38 - 2?
-3a
In base 15, what is -e6 - 2d?
-124
In base 9, what is -2511 + 1?
-2510
In base 5, what is 1130 + -3?
1122
In base 8, what is 1 + 20?
21
In base 13, what is 1a - 23?
-6
In base 6, what is 4 + -1222?
-1214
In base 7, what is -42 - 10?
-52
In base 6, what is -4 - -22511?
22503
In base 8, what is 433 + -27?
404
In base 15, what is 7 - -11?
18
In base 13, what is 1 + 14a?
14b
In base 12, what is a4 - 4?
a0
In base 11, what is 2 + 33?
35
In base 2, what is -10100101 - 100?
-10101001
In base 15, what is 0 - -3a?
3a
In base 12, what is 49 - -15?
62
In base 15, what is 8 - -17?
20
In base 9, what is 8 - -1?
10
In base 5, what is -24204 - -3?
-24201
In base 14, what is a32 + 1?
a33
In base 10, what is 440 + 1?
441
In base 15, what is 25 + -a?
1a
In base 14, what is -1b + 177?
15a
In base 13, what is -196 - 4b?
-214
In base 10, what is 5 + 23?
28
In base 10, what is 89 - -6?
95
In base 15, what is 18ec + 1?
18ed
In base 16, what is -4 - -4f2?
4ee
In base 16, what is 7f - -2?
81
In base 3, what is -12 + -222?
-1011
In base 13, what is 11 - -1?
12
In base 7, what is -1302 + -101?
-1403
In base 8, what is -3 - 12564?
-12567
In base 13, what is 6 - -99?
a2
In base 3, what is 2011020 + 1?
2011021
In base 8, what is -130 - 1?
-131
In base 13, what is 13 + -67?
-54
In base 13, what is -3 + -105?
-108
In base 12, what is -a8 + 2?
-a6
In base 12, what is 1 + -65a?
-659
In base 8, what is 1 - -7236?
7237
In base 4, what is -213200 - 2?
-213202
In base 14, what is -3 + bb?
b8
In base 2, what is -1 - -1001000110?
1001000101
In base 2, what is 11 + -110010010?
-110001111
In base 15, what is 10 - -93b?
94b
In base 5, what is 4 + -2310?
-2301
In base 4, what is -10 - -122?
112
In base 13, what is 1 + -1c?
-1b
In base 8, what is 6 + 14116?
14124
In base 9, what is -50 - -1?
-48
In base 7, what is -31 + -2?
-33
In base 4, what is 230333 - 0?
230333
In base 4, what is -21 - 1?
-22
In base 6, what is 1025 - 21?
1004
In base 15, what is -7 - a5?
-ac
In base 9, what is 34 + 26?
61
In base 3, what is 11 + 1021?
1102
In base 14, what is -743 - 5?
-748
In base 3, what is 200011 - -10?
200021
In base 9, what is 0 - -10174?
10174
In base 3, what is -102121 - 1?
-102122
In base 10, what is -1812 - 1?
-1813
In base 7, what is 5006 - 4?
5002
In base 2, what is -10001 + 11001010?
10111001
In base 15, what is 47 - 6d?
-26
In base 4, what is -222 + 11?
-211
In base 6, what is -1 - -2334?
2333
In base 4, what is -1100020 + -3?
-1100023
In base 7, what is -151 + -1?
-152
In base 5, what is -444 - -10?
-434
In base 5, what is -433301 + 4?
-433242
In base 10, what is -120 - 11?
-131
In base 8, what is 10 + -31?
-21
In base 11, what is 1 - -63?
64
In base 7, what is -366 - -5?
-361
In base 8, what is 70 - 16?
52
In base 5, what is -322 + 3?
-314
In base 4, what is -123 + 110?
-13
In base 2, what is 11 - 10?
1
In base 7, what is -134 + 0?
-134
In base 3, what is -211102 + -12?
-211121
In base 10, what is -15 - -5?
-10
In base 6, what is 12005 - -2?
12011
In base 3, what is -12011 + 10?
-12001
In base 9, what is -442 - -4?
-437
In base 9, what is 8 - -4?
13
In base 6, what is -4 + -24?
-32
In base 5, what is 1 + 2104?
2110
In base 7, what is -1 - -24?
23
In base 3, what is -2 - 1120?
-1122
In base 6, what is 4 + 131?
135
In base 6, what is -3 - -5135?
5132
In base 14, what is -5 + 7c3?
7bc
In base 14, what is -192 + 8?
-188
In base 13, what is -b54 - 5?
-b59
In base 10, what is -1452 - 0?
-1452
In base 13, what is 121 + 1?
122
In base 14, what is -4 - -45d?
459
In base 4, what is 12111 + 10?
12121
In base 15, what is 12bc + -4?
12b8
In base 9, what is -1401 - 0?
-1401
In base 13, what is -351b - 2?
-3520
In base 4, what is -313 + 2?
-311
In base 7, what is 110 - -5?
115
In base 6, what is 1512 + 2?
1514
In base 2, what is -1 + 10010011?
10010010
In base 6, what is -1 + 1301?
1300
In base 5, what is 12 - 42?
-30
In base 3, what is -11112 - 1010?
-12122
In base 12, what is -9 - -249?
240
In base 3, what is 10000 + -1022?
1201
In base 13, what is 10c + 1?
110
In base 6, what is 4 + -533?
-525
In base 5, what is 420 + 43?
1013
In base 9, what is 2 - 1522?
-1520
In base 7, what is -6 - -40?
31
In base 5, what is 10314 + 2?
10321
In base 14, what is -2b93 - -3?
-2b90
In base 10, what is 8 - -14?
22
In base 15, what is -9 - -b7?
ad
In base 12, what is -2b6 - -5?
-2b1
In base 15, what is 94 - 5?
8e
In base 8, what is -5317 + -3?
-5322
In base 16, what is -5 - 1b3?
-1b8
In base 7, what is 4413 + 4?
4420
In base 12, what is 1 + -4284?
-4283
In base 13, what is 12 - -25?
37
In base 5, what is 2 + -400?
-343
In base 10, what is -112 + 2?
-110
In base 15, what is -127 + 2?
-125
In base 12, what is -1 + 99?
98
In base 16, what is -1 + 199?
198
In base 9, what is 5 - 51?
-45
In base 2, what is -101 - 1100001?
-1100110
In base 4, what is 2002 + -2?
2000
In base 9, what is 4 - -17?
22
In base 6, what is -52 + 3?
-45
In base 8, what is -571 + -27?
-620
In base 5, what is 1 - 43311?
-43310
In base 10, what is -10629 - -5?
-10624
In base 11, what is -6 + -3a?
-45
In base 10, what is -3 + -33?
-36
In base 2, what is -1001101 - -1011?
-1000010
In base 8, what is 3660 - 3?
3655
In base 10, what is 5 + -1875?
-1870
In base 2, what is 0 - -11111101?
11111101
In base 12, what is -1ab57 - 5?
-1ab60
In base 2, what is -1000001 + 1000?
-111001
